 - 5 - 1. Suppose 53 = -d*s + 7*s. List the prime factors of s.
53
Suppose 8*s = -277 - 275. Let c = s - -262. Let n = -120 + c. What are the prime factors of n?
73
Let w(i) = 76*i**3 + i**2 - 1. Let x be w(1). Suppose 52 = -q + x. List the prime factors of (q/156 + 41/(-13))*-39.
3, 13
Let k(u) = -5*u**3 + 7*u**2 - 5*u - 25. Let a be k(-8). Suppose 4*n - a = 13. What are the prime factors of n?
3, 11, 23
Let q(m) = -4*m + 40. Let j be q(2). Suppose 0 = -j*u + 38*u - 4326. List the prime factors of u.
7, 103
Let z(i) = 42*i**3 - 2*i**2 + 44*i + 1. What are the prime factors of z(6)?
5, 17, 109
Let h(r) = 50*r**2 - 8*r - 7. Let k(f) = f**3 + 9*f**2 - 36*f - 5. Let t be k(-12). List the prime factors of h(t).
1283
Let n(c) = -c**3 - 17*c**2 + 20*c + 31. Suppose -3*q - 9 = 45. Let i be n(q). What are the prime factors of (591/(-6))/(i/10)?
197
Suppose 30*u + 586 = 706. Let s(j) be the third derivative of -j**6/120 + 7*j**5/60 - j**3/6 - j**2. List the prime factors of s(u).
47
Let p be 14 - (3 + -1 + -2). Suppose 4*x - p + 10 = 0. List the prime factors of (8/(-16))/(x/(-34)).
17
Let o(a) = a**2 + 4*a - 8. Let t be o(3). Suppose -t*f + 414 = -4*f. Suppose f = j - 21. List the prime factors of j.
67
Suppose -5*p = 10*r - 13*r - 37, -25 = -p + 5*r. Let j(k) = 320*k + 26. List the prime factors of j(p).
2, 3, 271
Let t = 12842 + -8697. Suppose -3*w = l - 2042 - 449, 5*l = -5*w + t. What are the prime factors of w?
3, 277
Suppose -2*w = 5*s - 11650, -4*s + 4*w + 2178 + 7114 = 0. List the prime factors of s.
2, 3, 97
Let i be 2 + -3 + (0 - 7). Let l(x) = -4*x - 28. Let d be l(i). Suppose -y + 139 = 2*n, 5*y - d*n - 695 = -3*n. List the prime factors of y.
139
Let k(w) = 3*w**2 + 135*w + 797. What are the prime factors of k(-57)?
7, 11, 37
Let j(g) = -12*g - 14. Let c be j(-2). Suppose -44*t + 10710 = -c*t. List the prime factors of t.
3, 5, 7
Suppose -67*w + 185316 = -264857. What are the prime factors of w?
6719
Let q(g) = -114*g - 896. List the prime factors of q(-14).
2, 5, 7
Let w be 58851/(-429) - 2/(-11). Suppose 0 = 3*l + 54 + 156. Let g = l - w. List the prime factors of g.
67
Let p(a) = 8857*a + 4213. What are the prime factors of p(8)?
3, 19, 439
Suppose 0 = -4*x - 4*y - 516, -2*x + y = 136 + 122. Let j = 850 - x. List the prime factors of j.
11, 89
Let w(q) = -6*q + 2. Let r(b) = -b**3 + b**2 + 1. Let y(z) = 3*z**3 - 3*z**2 - 2. Let n(t) = 5*r(t) + y(t). Let k be n(2). List the prime factors of w(k).
2
Let g = 5557 - -19070. List the prime factors of g.
3, 8209
Let d = 7974 + -4486. Suppose 43*m = 75*m - d. List the prime factors of m.
109
What are the prime factors of (-199)/2*-80 - (6 - (-4)/(-1))?
2, 23, 173
Let x = -4936 + 14770. What are the prime factors of x?
2, 3, 11, 149
Let m = 75 + -73. Let i be (-2 - (-50)/13) + m/13. Suppose -i = 3*l + 4, 3*x = -5*l + 119. What are the prime factors of x?
43
Let t = 7 - 7. Let z be (t/(-5))/(-5) - -3. Suppose 0 = 5*g - 2*o - 80, -4*g + z*o + 0*o + 57 = 0. List the prime factors of g.
2, 3
Let b(r) = -2*r**3 + 21*r**2 + 13*r - 18. Let k be b(11). Suppose 3*j + c - 1458 = -k*c, 5*c - 496 = -j. List the prime factors of j.
13, 37
Let v(p) = p**2 + 12. Let j be v(0). Let r(g) = -2*g**2 + 33*g - 2. Let h be r(13). Let c = h + j. List the prime factors of c.
101
Let w(r) = -2*r**3 - 8*r**2 + 25*r - 2. Let o be w(-6). Let n = -14 - -19. List the prime factors of (-1)/(20/o) - (-143)/n.
29
Let c(b) = 10*b - 5. Let a be c(3). Suppose 4*p = 2*n - 10, -4*p - a = -n + 4*n. Let m(t) = -35*t + 3. List the prime factors of m(n).
2, 3
Suppose 311*v = 316*v - 3*x - 120110, -24022 = -v - 2*x. What are the prime factors of v?
2, 12011
Suppose -11*k + 12692 = -16777. What are the prime factors of k?
3, 19, 47
Let u(n) = 420*n**2 + 165*n + 1161. List the prime factors of u(-7).
2, 3, 47, 73
Let k(v) = -15*v**2 + 9*v + 8. Let j be k(7). Let b = -465 - j. What are the prime factors of b?
199
Let i = -22065 + 49543. What are the prime factors of i?
2, 11, 1249
Suppose -2915 = 15*t + 325. Let u = t + 489. What are the prime factors of u?
3, 7, 13
Suppose 3520 = 3*p - 4*d, -76*p + 79*p + 4*d - 3560 = 0. What are the prime factors of p?
2, 5, 59
Suppose -m + 34 = 31. Suppose -m*d = -t + 283, 3*t - 556 = t + d. Let o = 419 - t. List the prime factors of o.
2, 71
Let i = 12 - 12. Suppose -6*w + 760 + 560 = i. List the prime factors of w.
2, 5, 11
List the prime factors of (-4744)/(((-640)/15)/16).
3, 593
Suppose 32*p = -14*p + 10*p. Suppose 3*t - 15 = p, -2*s + 360 + 320 = 4*t. List the prime factors of s.
2, 3, 5, 11
Let w(r) = 5*r**3 + 2*r**2 - 2*r - 2. Let g(o) = 7 + 2*o + 6 - 2*o**2 + o**2 + 4. Let v be g(5). List the prime factors of w(v).
2, 3, 7
Let b = 723 - 720. Suppose 2*y - 3 = 7. Suppose 272 = 5*a - b*v, 0 = y*a - v + 8 - 272. List the prime factors of a.
2, 13
Suppose 513*z = 538*z - 567800. What are the prime factors of z?
2, 17, 167
Let i(m) be the first derivative of -1339*m**4/4 - m**3/3 - 7*m**2/2 - 4*m - 37. What are the prime factors of i(-1)?
3, 149
Let z(m) = -189*m - 770. List the prime factors of z(-40).
2, 5, 7, 97
Let s(r) = 3 + 3 - r - 45*r**2 + r**3 + 41*r**2. Let b be s(4). What are the prime factors of ((-3 + b)*79)/(4/(-8))?
2, 79
Let p = 13783 - -11176. What are the prime factors of p?
11, 2269
Let z(v) = -v**3 + 7*v**2 - 8*v + 4. Let t be z(7). Let l be (t/(-130))/(1/895). Suppose 5*h = -4*i + l, 0*i = 2*i + 6. List the prime factors of h.
2, 37
Suppose -5*f - 2*q + 219503 = 0, 238424 - 62818 = 4*f + q. What are the prime factors of f?
43, 1021
Let j(u) = -2 - 18 - u + 11 - 9. Let n be j(10). Let x = 72 + n. List the prime factors of x.
2, 11
Let v = 21449 + -6597. List the prime factors of v.
2, 47, 79
Let u = -414 - -426. Suppose 0 = 2*v - x - 1897, -13*v + 4*x = -u*v - 931. List the prime factors of v.
3, 317
Suppose -3*f = 2*f - 165. Suppose 24*t + 22 = 23*t. List the prime factors of t/f*(-6)/4 + 24.
5
Let g(q) = -6*q + 19. Let k(x) = 3*x - 9. Let p(s) = -3*g(s) - 5*k(s). Let j be p(-8). List the prime factors of (-3*332/j + -3)*3.
2, 37
Let b = 23 + -22. Let d(v) = 255*v + 31. What are the prime factors of d(b)?
2, 11, 13
Let z be 1 + 5090/2 - (9 + -11). Suppose 71*f + z = 78*f. List the prime factors of f.
2, 7, 13
Let t be ((-48)/(-18) + -1)*3. Suppose 5*l + 3*h = 50, -3 + 0 = -4*l + t*h. Suppose -l*a + 1479 = -404. What are the prime factors of a?
269
Suppose 4*p - 334 = -4*q + 38, -p = -5*q - 99. Let k = 6 - -38. Let w = p - k. List the prime factors of w.
2, 5
Let w(g) = 896*g + 7864. List the prime factors of w(42).
2, 11, 47
What are the prime factors of 192/(-352) - (-664096)/88?
2, 7, 11
Let h = 384 - 361. Let v = 1364 - h. List the prime factors of v.
3, 149
Let t = -14729 - -49480. What are the prime factors of t?
19, 31, 59
Let d(s) = 5*s - 40. Let v be d(8). Suppose v = 4*u + 164 - 400. What are the prime factors of u?
59
Let y be (0 - -2)/((-12)/(-1050)). Suppose 0 = -5*m + 9 + 26. Suppose m*w - y = 189. List the prime factors of w.
2, 13
What are the prime factors of 47524/2 + ((-7)/63)/(10/(-90))?
3, 89
Suppose -v = -0*v, 3*v + 290 = 5*o. Suppose 2*j = 3*k + o, k + 3*j = -2*j - 25. What are the prime factors of 18*-1*1/(6/k)?
2, 3, 5
Let m be (-188580)/(-462) + 26/(-22) + 1. Suppose 0 = -69*k + 63*k + m. List the prime factors of k.
2, 17
Suppose 5*t - 2*m + 16 = 0, 6*t = t + 3*m - 19. Let v be t/18 + 253/9. Suppose -5*i + v = 2*i. What are the prime factors of i?
2
Let u(y) = 25649*y**3 - 5*y**2 - 6*y + 10. What are the prime factors of u(1)?
2, 7, 229
Let y(a) = 10*a**2 - 3*a - 1. Suppose 12*d = 10*d + 4. Let m be y(d). Let j = 53 - m. List the prime factors of j.
2, 5
Let o(s) = 2*s**2 + 6*s - 14. Let k(y) = 4*y**2 + 7*y + 4. Let l be k(-6). Let m = -114 + l. List the prime factors of o(m).
2, 3, 11
Let a = 61892 - 35180. List the prime factors of a.
2, 3, 7, 53
What are the prime factors of 1420 + -4 + 17 + -14?
3, 11, 43
Let d be (30/(-5) + 1)*-151. Suppose -8*o + 9*o - d = 0. What are the prime factors of o?
5, 151
Let f be 1/(-6) - 45/(-270). Suppose f = -76*q + 67*q + 837. What are the prime factors of q?
3, 31
Suppose 0 = -17*l + 18*l - 3. Suppose 3*i + l = 12. Suppose i*y + 100 = 5*y. List the prime factors of y.
2, 5
Let x = 12 + 357. List the prime fac